mon factor of 3760108265 and 2945.
2945
What is the highest common divisor of 7310 and 10924150?
430
What is the greatest common divisor of 8082475 and 3410?
155
What is the greatest common divisor of 21849470 and 18880?
590
What is the greatest common divisor of 50 and 291290150?
50
Calculate the greatest common factor of 1709052 and 9.
3
Calculate the highest common factor of 203 and 36180516.
29
Calculate the greatest common factor of 56064 and 17936976.
3504
Calculate the highest common factor of 3144145 and 7127215.
7295
What is the highest common factor of 97130080 and 10?
10
Calculate the greatest common factor of 585229773 and 58.
29
What is the greatest common divisor of 1663370 and 820?
410
What is the greatest common divisor of 100829696 and 128?
128
Calculate the highest common divisor of 50 and 208269350.
50
Calculate the highest common factor of 158915 and 160025.
185
What is the greatest common divisor of 89 and 18205662?
89
Calculate the greatest common divisor of 1239011 and 68.
17
What is the greatest common factor of 219552896 and 288576?
10688
Calculate the highest common divisor of 9397961 and 23.
23
What is the greatest common factor of 178 and 9815009?
89
What is the greatest common factor of 36 and 422318916?
36
Calculate the greatest common factor of 621737453 and 211.
211
Calculate the highest common divisor of 2914423 and 11703.
47
Calculate the greatest common divisor of 10679 and 38129641.
181
What is the highest common factor of 4373681 and 39?
13
Calculate the highest common factor of 163491843 and 1011.
1011
Calculate the highest common factor of 517257 and 5031.
117
What is the highest common factor of 3589091 and 11407?
187
What is the greatest common divisor of 7 and 18201907?
1
Calculate the greatest common factor of 256365160 and 3622.
3622
What is the greatest common factor of 680 and 526133?
17
Calculate the highest common factor of 4901134680 and 85.
85
Calculate the greatest common divisor of 1370717 and 1598537.
3797
What is the greatest common factor of 1233999251 and 5601?
1867
Calculate the highest common divisor of 409688 and 17928.
664
Calculate the highest common divisor of 3094760 and 140.
20
Calculate the greatest common factor of 259547596 and 1463.
77
Calculate the greatest common divisor of 593847 and 10539.
9
Calculate the greatest common divisor of 34059058 and 1881.
209
Calculate the highest common divisor of 20 and 564988.
4
Calculate the highest common factor of 2909265811 and 2567.
2567
What is the highest common factor of 8608 and 63968?
32
What is the highest common factor of 1078710 and 2?
2
What is the highest common factor of 705 and 280167?
141
What is the greatest common factor of 49087177 and 187?
17
What is the highest common divisor of 104 and 1547611?
13
Calculate the highest common divisor of 3940 and 26305016.
788
What is the highest common divisor of 188997 and 7?
1
What is the highest common divisor of 1609322 and 3575?
143
What is the greatest common divisor of 24829935 and 705?
15
What is the highest common divisor of 34222 and 12719366?
142
What is the greatest common factor of 1190377 and 20927?
1231
What is the greatest common divisor of 372 and 2942508?
12
What is the highest common divisor of 1073749 and 656?
41
What is the highest common factor of 37479 and 372279?
93
What is the greatest common factor of 51842622 and 14?
2
Calculate the highest common factor of 10867523 and 267.
89
Calculate the highest common divisor of 15959438 and 5665.
1133
What is the highest common factor of 300 and 34272300?
300
Calculate the highest common factor of 7 and 7867811.
7
Calculate the highest common divisor of 296 and 863432.
296
Calculate the greatest common factor of 357935 and 9741.
17
Calculate the greatest common factor of 653980 and 1030.
10
What is the highest common factor of 2352 and 1096914?
294
What is the highest common divisor of 53715 and 1270?
5
Calculate the greatest common factor of 792392 and 10989.
37
Calculate the highest common factor of 1679 and 79511.
23
Calculate the highest common factor of 283050 and 115218.
666
Calculate the greatest common factor of 3016681 and 468972.
1861
What is the greatest common factor of 185 and 11870525?
185
Calculate the highest common divisor of 733 and 197900471.
733
What is the highest common factor of 2246249586 and 84?
42
Calculate the greatest common factor of 75 and 20788065.
15
What is the highest common factor of 1307699 and 5447?
419
Calculate the highest common divisor of 6463712 and 359744.
2336
Calculate the highest common factor of 4124556 and 648.
36
What is the highest common divisor of 10384 and 427317176?
5192
Calculate the highest common divisor of 2216693 and 2279.
43
Calculate the highest common divisor of 234622 and 12118.
146
Calculate the highest common factor of 35004759 and 1416.
177
Calculate the highest common divisor of 5 and 13829515.
5
What is the highest common factor of 14095302 and 15238?
38
What is the greatest common divisor of 930 and 984261470?
310
Calculate the highest common divisor of 723820 and 1070.
10
Calculate the greatest common divisor of 1671 and 121023289.
557
Calculate the highest common factor of 2952494 and 660452.
1954
What is the greatest common divisor of 670 and 1193240?
10
Calculate the greatest common factor of 23844 and 183120.
12
Calculate the greatest common factor of 28297404 and 21555.
4311
What is the highest common divisor of 8323758 and 286537?
2837
What is the highest common divisor of 26867 and 308770?
401
What is the greatest common factor of 6635354 and 1100?
22
What is the greatest common divisor of 8888 and 7268162?
2222
Calculate the highest common divisor of 1769352 and 6.
6
Calculate the greatest common divisor of 11736210 and 2300.
230
What is the highest common divisor of 156 and 278214560?
52
What is the highest common divisor of 2950 and 1241242?
118
Calculate the highest common factor of 697656 and 17466.
246
Calculate the highest common divisor of 1195384391 and 8012.
2003
What is the greatest common divisor of 19669 and 120222713?
1157
Calculate the highest common factor of 173248 and 4328493.
2707
Calculate the greatest common divisor of 70 and 3015230.
10
Calculate the highest common factor of 4163865 and 137950.
445
Calculate the greatest common factor of 50515404 and 36.
12
What is the highest common factor of 1246147222 and 46?
46
What is the highest common factor of 28 and 914809?
7
What is the greatest common factor of 43539 and 94737?
69
Calculate the greatest common factor of 172755 and 603.
9
Calculate the highest common factor of 131750766 and 6048.
378
What is the greatest common factor of 6847568 and 1183?
91
Calculate the highest common factor of 1859712 and 67454.
58
Calculate the greatest common divisor of 11890 and 3922388.
82
What is the highest common divisor of 6198928 and 648?
8
Calculate the highest common factor of 103115804 and 154.
22
Calculate the greatest common divisor of 28797 and 166924.
29
What is the greatest common factor of 1912 and 36368?
8
Calculate the greatest common factor of 390 and 6524970.
30
Calculate the highest common divisor of 7896 and 2446915128.
7896
Calculate the greatest common factor of 52395500 and 16500.
500
What is the greatest common factor of 7930169 and 6721?
611
Calculate the highest common divisor of 3731 and 8338239.
91
What is the highest common factor of 128162513 and 4205?
841
What is the greatest common factor of 375 and 344145?
15
What is the highest common divisor of 159396 and 3496660?
1436
What is the highest common factor of 7155 and 5156635?
265
What is the highest common divisor of 1615182 and 39042?
1446
Calculate the greatest common divisor of 780 and 597290.
10
Calculate the highest common factor of 399 and 77838747.
21
Calculate the highest common factor of 12305420 and 31040.
1940
What is the highest common factor of 649702524 and 36?
12
Calculate the greatest common divisor of 75933 and 2492809.
649
What is the highest common factor of 35631081 and 219?
219
Calculate the highest common divisor of 15 and 8841450.
15
What is the highest common factor of 7945116 and 152?
76
What is the highest common divisor of 100897920 and 49920?
1920
What is the highest common 